3. Suppose x = 3*z + 28. Determine q(z).
8
Let j(p) = 1185*p**2 + 0 - 3553*p**2 - 17*p + 1183*p**2 - 1 + 1188*p**2. Give j(5).
-11
Let g(s) = -6*s**3 - 3*s + 10. Let a(v) = -5*v**3 + 5 + 19*v**2 + 4 - 20*v**2 + 0*v - 2*v. Let x(f) = -5*a(f) + 4*g(f). What is x(-5)?
5
Suppose -4 = 3*n - n, 2*n = 4*d - 28. Let z(o) be the third derivative of -o**5/60 + 5*o**4/12 - o**3/3 - 330*o**2. Give z(d).
22
Let r(d) = 5*d**3 + 1. Let i be r(-1). Let h(v) = v - 4. Let c(x) = -x + 3. Let f(q) = i*c(q) - 3*h(q). Determine f(6).
6
Let c(s) = 5*s**2 + 6*s - 6. Let g(r) = 14*r**2 + 17*r - 19. Let j(b) = -17*c(b) + 6*g(b). Let k(y) be the first derivative of j(y). Give k(4).
-8
Let b(a) = -5*a**3 + 14*a**2 - a - 7. Let l(y) = -4*y**3 + 13*y**2 - 7. Let c(o) = o. Let g be c(-5). Let i(z) = g*b(z) + 6*l(z). Give i(-7).
7
Let n(w) = 4*w - 5. Let z(a) = 4*a - 13. Let k(o) = 3*n(o) - 2*z(o). Determine k(-2).
3
Let p(w) = 1 - 1 - 6*w + 3 + 2 + w**2. Let d(u) = -u**3 + 8*u**2 - 7*u + 4. Let a be d(7). Calculate p(a).
-3
Let h = 30 + -20. Let k = 9 - h. Let p(z) = 13*z**3 - z**2. What is p(k)?
-14
Let r(l) = -3*l**2 + 7*l**2 - 24 + 10*l**2 - 15*l**2 - 18*l. Calculate r(-17).
-7
Let n = -3 - -2. Let i(b) = -1 - b - 6*b**2 + 39*b**2 + b**3 - 32*b**2 + b**3 + 5*b**3. Determine i(n).
-6
Let v be ((-9)/(-4))/((-27)/(-72)). Let k(h) = -8*h + 7. What is k(v)?
-41
Let t = -12 - -9. Let d(r) be the first derivative of -1/2*r**2 + 5 + 2*r + 1/4*r**4 + r**3. Calculate d(t).
5
Let k(h) be the first derivative of -h**2/2 + 5*h - 913. Determine k(-4).
9
Let s(o) = 12155*o - 2 + 2 - 12156*o + o**2. Give s(-1).
2
Let s(n) be the third derivative of 0*n + 5*n**2 - 1/6*n**3 + 0 - 1/60*n**5 + 0*n**4. What is s(4)?
-17
Let w = 14 - -10. Let g(m) = 2*m**2 - 25 - 2*m - 3*m**2 + w - 7*m. Give g(-4).
19
Let d(p) be the first derivative of p**2/2 + 6*p - 31. Calculate d(-3).
3
Let t be (1 + 1 + -1)*1. Let v(b) = 7*b**3 + 2*b**2 - 6*b + 3. Let s(m) = 26*m**3 + 6*m**2 - 20*m + 10. Let p(l) = 2*s(l) - 7*v(l). Give p(t).
2
Let p(t) = 3*t - 2. Let u = -505 - -499. Calculate p(u).
-20
Let o(i) = 2*i - 9. Suppose -b + 6 - 3 = 3*w, -3*w = 5*b - 15. Let p = b - -11. Suppose -j - 3*f - 30 = -5*j, -3*j + p = 2*f. What is o(j)?
3
Let y(v) = 16*v + 155. Let c be y(-10). Let i(t) = -t + 7. Calculate i(c).
12
Let z(x) = -3*x - 3. Suppose -3*y + 12 = 2*k, -3*k - 2*k = 0. Suppose -o + y*v = 1 - 4, 4*o - 4*v = 12. Give z(o).
-12
Let w(b) = -b**2 + b - 5. Let s be w(0). Let v(m) = 4*m + 1. Let d(k) = -9*k - 2. Let p(r) = 6*d(r) + 13*v(r). What is p(s)?
11
Let m(a) = -7 - 19*a + 12*a + 2*a + 1. Calculate m(-3).
9
Suppose -n = 4*o - 8, 0 = 2*o + n + 4*n - 4. Let c(u) = -1 - u**o + 3*u - 4*u + 0. Let s be 3/(-2)*40/30. What is c(s)?
-3
Let r(l) = 14*l + 56. Let i(k) = -9*k - 37. Let h(p) = -8*i(p) - 5*r(p). Calculate h(-7).
2
Let a(q) be the third derivative of -q**4/8 + 7*q**3/3 - 6*q**2. Let y(r) = 2*r - 9. Let j(n) = 5*a(n) + 8*y(n). Determine j(-2).
-4
Let a(l) = 4*l + 2*l**3 - 3*l**3 - 4*l**2 + 2*l**2. Let r = -68 + 65. Give a(r).
-3
Let i(g) = -g + 3. Suppose -b - 2 = -1. Let m be ((-4)/(-8) - b)*2. What is i(m)?
0
Let b(h) = -h**2 + 7*h + 14. Suppose -2*n + 5*v + 26 = -0*v, n - 2*v = 12. Let j be b(n). Let i(k) = -4*k + 7. Determine i(j).
-17
Let o(x) = -x - 6. Let z be -2*(-1 + 5/(-5)). Let n(p) = p - 9. Let k be n(z). Let f(j) = -j - 8. Let s be f(k). Determine o(s).
-3
Let d(s) = s**2 - 6*s + 5. Suppose -7*x = -y - 6*x + 6, -y + 4*x + 3 = 0. Determine d(y).
12
Let b(v) = v**3 + 3*v**2 + 3*v - 1. Let n be (-4962)/(-66) + (-2)/11. Suppose 16*z = 11*z + n. Let o = z + -18. Determine b(o).
-10
Let m(o) be the third derivative of o**7/5040 - o**6/120 - 3*o**5/20 - o**2. Let t(u) be the third derivative of m(u). Give t(7).
1
Let a(i) = -4*i + 9*i + 1 - 4*i + 0*i. Suppose 3*c + 4 = -2*d, 4*d + 0*d + 4*c = 0. Determine a(d).
5
Let g(o) = 20*o**3 - 14*o**2 - 29*o - 29. Let a(b) = 7*b**3 - 5*b**2 - 10*b - 10. Let s(h) = 17*a(h) - 6*g(h). Let w = -30 + 27. Calculate s(w).
10
Let m(l) = -2*l**2 - 3*l + 1. Suppose 0 = u - 13 + 4. Suppose -o = -3*f - u, -o + 6 = -f - f. Calculate m(f).
-8
Let q(b) = -8*b + 4*b - 2*b**2 - 7 - 4*b. Let n = 169 - 174. Give q(n).
-17
Let w(g) be the third derivative of -g**6/120 - g**5/10 - 5*g**4/24 + 2*g**3/3 - g**2 + 4*g. Calculate w(-4).
-8
Let q(r) = -r**2 + 3 + 3*r - 2*r**2 + 7*r**2. Let a(o) = 5*o**2 + 3*o + 3. Let f(b) = 3*a(b) - 4*q(b). What is f(-4)?
-7
Let b(h) = 1057*h**3 - 2104*h**3 - 8*h + 1048*h**3 - 2. Give b(-3).
-5
Let z(h) = -2*h + 1. Let p(l) = -4*l**3 - 2*l**2 + 3*l. Let a(o) = -5*o**3 - o**2 + 4*o + 1. Let s(c) = 3*a(c) - 4*p(c). Let d be s(-5). Give z(d).
-5
Let j(a) = -21 + 85 + 3*a - 22 - 23. What is j(-7)?
-2
Let j(w) = 4*w - 3. Let k(d) = 11*d - 8. Let o(a) = 8*j(a) - 3*k(a). Calculate o(6).
-6
Let f(d) = -7*d**3 - d**2 - 2*d - 1. Suppose 3 = 4*o + 35. Let v = -14 - o. Let t = 5 + v. Give f(t).
7
Let k(l) be the third derivative of l**5/60 + l**4/6 + l**3/3 + 2*l**2. Suppose -4*s + 20 = 0, s - 45 = 4*o + 20. Let m be 2 + 3*o/9. Calculate k(m).
-1
Suppose -84*m + 85*m = 16. Suppose -2*n - 15 + 3 = -3*j, 3*n - m = -4*j. Let l(x) = -x - 4 + 4 + x**3 - x**2. Calculate l(n).
0
Let v(k) = 2*k**3 + k**2 - 2*k + 1. Let w(q) = -q**3 + 6*q**2 + 4*q + 24. Let g be w(7). Suppose 7*x - g - 4 = 0. Give v(x).
2
Let i be (1/3)/((12 + -8)/(-1572)). Let k = i + 125. Let a(l) = -l**2 - 3*l - 4. What is a(k)?
-22
Suppose 4*v = 27*v + 69. Let b(z) = 9*z - 7. Calculate b(v).
-34
Let v(j) = -j - 5. Let r be (-1 + 2)*30/6. Suppose -k = -2*k - r. What is v(k)?
0
Let w(x) be the first derivative of -x**4/4 + 2*x**3 + 4*x**2 - 13*x + 447. What is w(7)?
-6
Let n be (27/6)/((-54)/72). Let k(t) = -4 + 1 + 0*t + t**3 - 4 + 6*t**2 - 4*t. Calculate k(n).
17
Let y be 1 + -1 - 20/(-10). Let g(t) = t**3 - 3*t**2 + 2*t - 2. Let x be g(y). Let u(i) = 6 + 0*i + 2*i - 6. Calculate u(x).
-4
Let b(a) = 5*a**2 + 7*a - 9. Let m(v) = 11*v**2 + 14*v - 19. Let r(f) = -9*b(f) + 4*m(f). Calculate r(-9).
-13
Let g(l) = -5*l + 7. Suppose -11*o = -6*o - 25. What is g(o)?
-18
Suppose -8*h + 13 = -11. Let p(q) = -q**3 + 4*q**2 + 5*q - 3. Calculate p(h).
21
Let p(y) = y**2 - 14*y + 36. Let f be p(11). Let m(j) be the second derivative of -1/12*j**4 + 0 - 2*j + 2*j**2 - 1/6*j**f. Give m(-4).
-8
Let b(y) = y**2 + 5*y - 9. Let q be b(-7). Let w(v) = v**2 - 2*v - 10. Let g(u) = 2*u**2 - 5*u - 19. Let s(t) = 3*g(t) - 5*w(t). Determine s(q).
-7
Suppose 9*t - 5 = 13. Let h(w) = 7 - t - w**3 - 5 - 2*w**2 - 2 - 3*w. Calculate h(-3).
16
Let g(w) = -3*w - 8. Let p(f) = -3*f - 11. Let m(n) = 4*g(n) - 3*p(n). What is m(9)?
-26
Let r(m) = -m**2 - 6*m + 5. Let w(u) = -25*u - 4. Let d be w(-3). Let z be d/4 - (-7)/28. Suppose -4*a - z = -a. Calculate r(a).
5
Suppose -34*q + 6*q + 168 = 0. Let l(h) = 2*h**2 - 9*h + 5. Determine l(q).
23
Let z = -39 - -57. Let u(a) = z*a + 0*a - 17*a + 2. Calculate u(-5).
-3
Let o(j) = 3*j**2 + 3*j + 2. Let i be 3*-2*(-4)/12. Let l be 528/80 - i/(-5). Let x = l - 9. Determine o(x).
8
Let o(l) = -3 + 0*l + 3*l - 2*l - 3. Let r(n) = n**2 - 5*n. Let y be r(6). Determine o(y).
0
Let u(d) = -d**3 + 15*d**2 + 17*d - 16. Let m = -211 + 227. Determine u(m).
0
Let z(r) = 2*r - 5. Let g(p) = 2*p. Let x(m) = g(m) + z(m). Suppose -6*f + f = 2*o + 4, 3*f - 3*o - 6 = 0. Let n = 4 + f. Calculate x(n).
11
Let v = 19 + -16. Let y(d) = 3*d. Let a(b) = -7*b + 1. Let i(l) = 2*a(l) + 5*y(l). Calculate i(v).
5
Let n be 170/30 - 4/6. Suppose 20 + n = -5*w. Let r(a) = a - 2. Let q(s) = 3. Let d(m) = w*r(m) - 4*q(m). Determine d(-3).
13
Let i = -8 - -14. Suppose -2*y + i = -4*k, 0 = -2*y + 2*k - 6*k + 14. Let q(g) = -2 - 5*g + y*g**2 - g**2 + 0*g**2 - 3*g**2. What is q(4)?
-6
Let h(f) = f**2 - f. Let q be h(2). Let p(v) = -11 - 15*v**2 + v + 14*v**q + 12. Give p(-2).
-5
Let b(p) = 4*p**3 - 2*p**2 - 2*p - 1. Let x be 10/(-7) - (-3)/7. Let g be (-1)/(-2 + 4 + x). Calculate b(g).
-5
Let l(c) = -3*c**3 - c**2 - 6*c - 7. Let f(n) be the first derivative of -7/2*n**2 - 8*n - 2/3*n**3 - n**4 + 4. Let x(j) = 4*f(j) - 5*l(j). Determine x(-2).
-5
Let v(s) be the first derivative of -s**2 - 6*s + 472. What is v(2)?
-10
Let q(v) = 4 + 0*v**3 + 4*v**3 + 2 - 5. Give q(1).
5
Let p(j) be the third derivative of j**4/24 + 5*j**3/6 + j**2 -